
2bbb
In base 15, what is 40 - -1e9d?
1edd
In base 5, what is -230 - -4023?
3243
In base 12, what is 5a + 7669?
7707
In base 6, what is 114343 + -2?
114341
In base 3, what is -1111210220000 + 11?
-1111210212212
In base 7, what is 14 - -2344604?
2344621
In base 2, what is 1011011011110100 + -100011?
1011011011010001
In base 14, what is -670 + c73?
603
In base 5, what is 13 - -1042030?
1042043
In base 10, what is 38 - -489?
527
In base 10, what is 1 + -42871?
-42870
In base 13, what is 18816 - 0?
18816
In base 12, what is 9263 - 6?
9259
In base 14, what is 3 - 282c3?
-282c0
In base 13, what is a - 8c435?
-8c428
In base 4, what is 3 + -103303311?
-103303302
In base 14, what is -260d32 - 5?
-260d37
In base 3, what is -11221120202 - -12?
-11221120120
In base 16, what is -b8 + 149?
91
In base 13, what is -6b02b + -7?
-6b035
In base 5, what is 144 - -21441?
22140
In base 2, what is -1001011010010 + -1111010?
-1001101001100
In base 11, what is 892 - 8?
885
In base 3, what is -102122 - -10011122?
2202000
In base 3, what is 1112101220 - 1?
1112101212
In base 6, what is 3041245 + -5?
3041240
In base 3, what is -10 - 12012121?
-12012201
In base 11, what is 392 - -283?
665
In base 3, what is 10120121 - 11?
10120110
In base 3, what is -102 + 210000?
202121
In base 9, what is 100 + -18?
71
In base 5, what is -1002201210 - -2?
-1002201203
In base 13, what is -69c1 + 2c?
-6992
In base 11, what is 6 + -40101?
-400a6
In base 11, what is -96a3 + 12?
-9691
In base 6, what is -4 + 122002?
121554
In base 5, what is 223424 + -103?
223321
In base 15, what is -5a - -3a3?
348
In base 3, what is 12 - 2102120100021?
-2102120100002
In base 2, what is -110 - 11100011111011?
-11100100000001
In base 10, what is 2671 - 649?
2022
In base 14, what is 1 - -b207?
b208
In base 5, what is 10334301 + -10?
10334241
In base 13, what is -9 - cc862?
-cc86b
In base 4, what is -1301333 - -22?
-1301311
In base 13, what is 1175 + -10?
1165
In base 3, what is 11110 + -21101?
-2221
In base 9, what is -3000 + -1?
-3001
In base 4, what is 130 - 233022220?
-233022030
In base 6, what is -230342 - -122?
-230220
In base 6, what is 0 + 10505445?
10505445
In base 4, what is -10 + -11021122000?
-11021122010
In base 15, what is 181 - 29d?
-11c
In base 12, what is -50 - 451?
-4a1
In base 10, what is -1 - -241307?
241306
In base 3, what is 202011 - 101?
201210
In base 8, what is 125777 - -1?
126000
In base 3, what is 2100121 - 11?
2100110
In base 12, what is 731 - -16?
747
In base 15, what is -6e1b - 4?
-6e20
In base 2, what is -11111101110 + 1000000?
-11110101110
In base 9, what is 51 + 150?
211
In base 9, what is -643 - 1421?
-2164
In base 8, what is 301725 + 6?
301733
In base 5, what is -20 - 14144204?
-14144224
In base 13, what is 5 + 1ba0?
1ba5
In base 4, what is -10020 - -2?
-10012
In base 9, what is 175 + 323?
508
In base 3, what is 1020 - -1121000?
1122020
In base 11, what is -19432 - 20?
-19452
In base 5, what is 24024143 + -1?
24024142
In base 8, what is -6757 - 514?
-7473
In base 16, what is 4 + 56dc?
56e0
In base 6, what is -4 - 42020?
-42024
In base 10, what is -11 + -51?
-62
In base 7, what is -1542601 + -1?
-1542602
In base 4, what is -31331002 - 13?
-31331021
In base 9, what is -2 + -1026721?
-1026723
In base 6, what is 125 - -23530?
24055
In base 8, what is 2110360 + 1?
2110361
In base 11, what is 2 + 2190aa?
219101
In base 16, what is 11 + 736?
747
In base 8, what is -655354 + -3?
-655357
In base 9, what is -1146 + -104?
-1251
In base 12, what is -718 - -9?
-70b
In base 16, what is 304 + -fe?
206
In base 3, what is 1001 - 102122?
-101121
In base 4, what is 11323313 - -13?
11323332
In base 13, what is 3 + 1b355?
1b358
In base 10, what is 69 + 140?
209
In base 12, what is -5376 - 1?
-5377
In base 9, what is -717 + -2?
-720
In base 10, what is 2 + 20621?
20623
In base 8, what is -703 - -47?
-634
In base 7, what is 1 - -62603?
62604
In base 11, what is -40191 - -5?
-40187
In base 2, what is -111110000101100100111 - -10?
-111110000101100100101
In base 16, what is -120 - 2bb?
-3db
In base 11, what is 2 + 15806?
15808
In base 5, what is -243 + 204003?
203210
In base 4, what is -1010032 - 11?
-1010103
In base 11, what is -9 + 459?
450
In base 11, what is -83 + 3783?
3700
In base 12, what is -191 - -231?
60
In base 13, what is -329a7 - 1?
-329a8
In base 11, what is 1578 + 22?
159a
In base 14, what is 33 - -111b?
1150
In base 11, what is -669234 - 2?
-669236
In base 10, what is -616 - -56?
-560
In base 7, what is -5355063 + 4?
-5355056
In base 2, what is 0 + 110110001111100011000?
110110001111100011000
In base 5, what is -3231 + -14314?
-23100
In base 7, what is 14411420 + 2?
14411422
In base 6, what is 4 + 4255012?
4255020
In base 4, what is 3 + -221021?
-221012
In base 2, what is -11010110110011 - -11011?
-11010110011000
In base 8, what is 3 + -30256?
-30253
In base 11, what is -25a29 + -1?
-25a2a
In base 7, what is 5 - 1333?
-1325
In base 15, what is 14 + -750?
-73b
In base 8, what is 4575 + -2226?
2347
In base 3, what is 20011 - 11011?
2000
In base 6, what is 500 + 2233?
3133
In base 16, what is 3 - 194?
-191
In base 12, what is -9 + 166845?
166838
In base 14, what is -26 - -5b32?
5b0a
In base 4, what is 131033030 + 3?
131033033
In base 3, what is 1102021012 + -20?
1102020222
In base 5, what is 43 - -1134?
1232
In base 2, what is -1111110010 + 10010011?
-1101011111
In base 15, what is -36 + -1cb6?
-1cec
In base 10, what is -103 - -424?
321
In base 12, what is 66886 - -6?
66890
In base 12, what is 3 - 152420?
-152419
In base 16, what is -2ed3 - 0?
-2ed3
In base 12, what is 159438 + 3?
15943b
In base 9, what is -1 - 1335565?
-1335566
In base 4, what is 1320122 + 0?
1320122
In base 4, what is -1230 - 30301?
-32131
In base 16, what is ce42 - -3c?
ce7e
In base 13, what is -15462 + 26?
-15439
In base 6, what is -244243 + -33?
-244320
In base 5, what is -234003 + -1?
-234004
In base 9, what is -122 + -727?
-850
In base 5, what is -1 - -122322130?
122322124
In base 16, what is 2 + 83f?
841
In base 7, what is -1561 - 453?
-2344
In base 8, what is 45613 + 3?
45616
In base 13, what is -94a - -10a4?
457
In base 3, what is -1012100 - -1200?
-1010200
In base 14, what is 0 + -14b57?
-14b57
In base 4, what is 1202 + -12200101?
-12132233
In base 10, what is 4 + -604621?
-604617
In base 16, what is -4 - -13853?
1384f
In base 16, what is -e + 88f8?
88ea
In base 7, what is -132 - -251?
116
In base 14, what is 9c + -5571?
-54b3
In base 3, what is -12010202110 + 0?
-12010202110
In base 11, what is 55 - 2351?
-22a7
In base 3, what is 10202010 - 100?
10201210
In base 8, what is -77 - -1351?
1252
In base 3, what is -100102211 - -100202?
-100002002
In base 4, what is -2 + -3001031?
-3001033
In base 7, what is -20630 + 14?
-20613
In base 9, what is 183457 - 13?
183444
In base 9, what is 400700 + 3?
400703
In base 13, what is 3044 - 0?
3044
In base 5, what is -22022 - -1420?
-20102
In base 8, what is -1 - -277623?
277622
In base 7, what is 544 + 444?
1321
In base 14, what is 12b - 2c?
dd
In base 3, what is -101011111 + 12?
-101011022
In base 11, what is -1570 - -1a?
-1551
In base 15, what is bb - 31?
8a
In base 2, what is 101100011111 + -10?
101100011101
In base 6, what is -13023 - 125?
-13152
In base 2, what is -1 + 10000001100000000?
10000001011111111
In base 11, what is 3484 + -288?
31a7
In base 15, what is 3 - -43887?
4388a
In base 16, what is 4 - c4683?
-c467f
In base 2, what is 110011011010101 + 1011010?
110011100101111
In base 3, what is -1000200001 + 12?
-1000122212
In base 16, what is -7 + -174d?
-1754
In base 9, what is 25370 + 3?
25373
In base 8, what is 24716 + -133?
24563
In base 15, what is 9 - 7029?
-7020
In base 3, what is -11120100 + 1?
-11120022
In base 5, what is 110 + -1021003?
-1020343
In base 9, what is -1 - 126564?
-126565
In base 15, what is 12 - -4921?
4933
In base 16, what is -2e3 - 29?
-30c
In base 6, what is -2445131 - 5?
-2445140
In base 8, what is -12127 - 14?
-12143
In base 5, what is -11342 - 132?
-12024
In base 8, what is 40516 - -4?
40522
In base 15, what is 78 + ce?
157
In base 7, what is 14355 + 1640?
16325
In base 10, what is 221 - -161?
382
In base 16, what is -a6ca - 4?
-a6ce
In base 12, what is -3a7a - -3?
-3a77
In base 4, what is -3320 + -112002?
-121322
In base 16, what is -